- 5949 + 6045 = 3*w. What is the highest common factor of 6260 and b?
20
Suppose -8188 = -2*s + 2*w + 3294, 5771 = s + 4*w. What is the highest common divisor of s and 56?
7
Let a be -10 + (444/16)/((-3)/(-12)). Calculate the greatest common factor of a and 9.
1
Let k be ((-6528)/(-1920))/(2/2690). What is the greatest common factor of 85 and k?
17
Suppose 138 = -2*o + h + 639, -967 = -4*o - 5*h. Let g be (o - 64)/(3 + -1*2). Calculate the greatest common divisor of g and 23.
23
Suppose 0 = 3*f - 4*j - 39, -f + j - 2 + 14 = 0. Let h be 2 - f*-3 - (-13 + 12). What is the highest common factor of 48 and h?
6
Let k = -69 + 73. Let r = -1 + k. Suppose r*p = -0*p + 561. Calculate the highest common factor of p and 17.
17
Let r be (-5 + 6)/((3/8)/(-3)). Let z be (-3)/(3/(-2)) - r. Let j be ((-63)/12)/(9/(-120)). What is the highest common factor of z and j?
10
Let c(m) = 2*m**2 - 11*m + 21. Suppose -2*n + 93 - 85 = 0. Let r be c(n). Calculate the highest common divisor of r and 63.
9
Let n be ((-8 + 2236)/4)/1. Suppose -5*q - n = -4*z, -3*z - q = -4*z + 138. Calculate the greatest common factor of z and 7.
7
Suppose -796 - 6876 = -17*k + 4262. Calculate the greatest common factor of k and 520.
26
Let u(b) = -16*b**2 + 87*b + 36. Let w be u(5). Calculate the highest common factor of 3053 and w.
71
Let y be (-104)/224*-14 + (-3)/(-6)*-3. Let b(d) = -d**3 - 2*d**2 - 2*d + 1. Let z be b(-2). What is the greatest common factor of z and y?
5
Let k = -46 - -26. Let g = 692 + -677. Let o = g - k. What is the greatest common divisor of 7 and o?
7
Let x = 23 - 5. Let o be (-128)/1344 + (0 - 3028/(-42)). Calculate the greatest common divisor of o and x.
18
Let g = -28 - -32. Suppose 3*o = 25*o - 307 - 133. Calculate the greatest common divisor of o and g.
4
Let x be 21945/76 - ((-2)/9 - 700/(-720)). Suppose 4*g - 1556 = -5*m + m, -2*m - 3*g = -783. What is the greatest common factor of x and m?
96
Let p(k) = k**2 + 12*k + 4. Let g be p(-12). Suppose g*f - 32 = 184. Suppose 6 = 3*a - 12. Calculate the greatest common divisor of a and f.
6
Suppose k = -4*i + 22, i + 4*k = 3*i - 20. Let c be i - ((-16)/(-4) - 1). Suppose -612 = c*q - 5*q. What is the highest common divisor of 18 and q?
18
Suppose 4342 = 97*w - 1478. Calculate the highest common divisor of w and 264.
12
Let x be 148/24 + (-1)/6. Let w(u) = u - 25. Let f be w(15). Let r = f - -12. Calculate the greatest common factor of r and x.
2
Let y = 30 - -57. Let c be -14 + 79 + 0/(-3)*1. Let r = y - c. What is the greatest common divisor of r and 88?
22
Let h be ((-17)/34)/(-1)*18. Calculate the greatest common divisor of 1467 and h.
9
Suppose 0 = -79*i + 31*i + 9793 + 6911. Let k be (-4)/14 + (-172)/(-14). Calculate the greatest common divisor of i and k.
12
Suppose 4*d = 5*m - 798, -11*m + 10*m + 5*d = -147. Calculate the highest common divisor of m and 5022.
162
Suppose 4*b - 16 = 20. Suppose 15*d - 20*d + 25 = 0. Suppose 3*y = -d*y + 72. What is the greatest common factor of b and y?
9
Let r be (-167)/(-3)*(-15 - -12). Let z = 13 - r. Calculate the highest common divisor of 36 and z.
36
Suppose 4 + 1 = -5*w, -101 = -v + w. Let a = 268 - v. Suppose 166*n - a*n + 28 = 0. What is the highest common divisor of 70 and n?
14
Suppose 32 - 48 = -n - k, 0 = -5*n - 4*k + 75. Suppose -n*d + 15*d = 132. What is the highest common divisor of d and 6?
3
Suppose -12*h + 7*h + 45 = 0. Suppose 0 = -5*b + 2*f + 14, -2 + 15 = 4*b - f. Suppose b*v - 115 - 137 = 0. Calculate the highest common factor of v and h.
9
Suppose 2*b + 0*v - 32 = 2*v, -4*b + 82 = 5*v. Let p be ((-2805)/(-10))/11 + (-2 - 7/(-2)). What is the highest common divisor of b and p?
9
Let z = -163781 - -163792. Let n = 1162 - 810. Calculate the highest common divisor of z and n.
11
Suppose -t - 102 = -4*t. Let m(k) = 87*k**2 + 8*k + 5. Let z be m(-4). Let y be 1/(-2) - z/(-10). Calculate the greatest common divisor of t and y.
34
Let l be ((-1232)/110)/((-14)/35). Calculate the greatest common divisor of 13734 and l.
14
Let w(j) = -j**3 - 17*j**2 - 11*j + 5. Let b be w(-17). Suppose 5*v = 6*v + 5*t - 43, 0 = -2*v - 4*t + 92. Calculate the highest common divisor of v and b.
48
Suppose 3*h - 5*i = 34, 20 = -227*i + 232*i. Calculate the highest common divisor of h and 23346.
18
Let p = 832 - 832. Let g be ((-74)/(-6))/(p - 7/(-63)). What is the highest common divisor of 1443 and g?
111
Suppose -1890 = -8*c - 6*c. Suppose 9*k - 1260 = c. What is the highest common divisor of 5 and k?
5
Suppose -4*p + 2*p - 6035 = -i, 4*p = -4*i + 24140. What is the greatest common factor of i and 85?
85
Suppose 3 = s, -4*y + 3*y - 3*s = -37. Let v(f) = 4*f**3 + 4*f**2 - 2*f - 4. Let u be v(4). What is the highest common factor of u and y?
28
Suppose 0 = -2*j + 147 + 73. Suppose 3*u = -2*u + j. Let a(t) = -2*t**2 - 18*t - 14. Let i be a(-6). What is the highest common divisor of u and i?
22
Let t = -8091 + 19183. What is the greatest common factor of t and 141?
47
Suppose 50289 - 52025 = -28*h. What is the highest common factor of 16151 and h?
31
Suppose -2*s + 490 = -855 + 297. Calculate the highest common factor of 1179 and s.
131
Let g = -17 + -10. Let c(z) = -2*z - 52. Let l be c(g). Suppose -o - 3*h + 6 = -l*o, -5*h = -15. Calculate the highest common divisor of o and 6.
3
Let j = 8355 - 8321. What is the greatest common factor of 2686 and j?
34
Suppose 5 = 4*f - 5*l, 5*f - 2*l + 6 = 8. Suppose 2*g + 3*b - 64 = 0, f = 2*g - 4*b + b - 52. What is the highest common factor of g and 493?
29
Let b(a) = a**3 + 109*a**2 - 1063*a - 94. Let y be b(-118). Suppose -v + 136 = 3*f, -5*v - 5*f = -3*f - 680. Calculate the greatest common factor of y and v.
8
Suppose -4*n + 196 = -9*p + 5*p, -221 = -5*n + p. Calculate the greatest common divisor of n and 731.
43
Let a(j) = -j**2 + 7*j + 1. Let b be a(8). Let l(x) = -6*x - 44. Let c be l(b). Let g be (35/(-28))/(c/32). What is the greatest common factor of g and 160?
20
Let t be (-800)/(-120)*((-9)/2 + 0). Let m = t - -114. Calculate the highest common factor of 56 and m.
28
Let o = -1069 - -2527. What is the highest common factor of 144 and o?
18
Let d be ((-545)/(-15))/((-2)/6). Let z = d - -184. Let s be 16/(-6)*z/(-20). Calculate the highest common divisor of 30 and s.
10
Let m = -30 - 133. Let q = 190 + m. Calculate the greatest common divisor of q and 54.
27
Let t be ((-284)/(-11))/1 + 20/110. Let x = t + -25. Suppose 7*a + 7 = 14. Calculate the highest common divisor of x and a.
1
Suppose -5*j - 3*n + 235 = 0, 44 = 3*j - n - 111. Calculate the highest common divisor of 710 and j.
10
Suppose 2*z = 4*z - 8. Let a be 102/z - (-36)/(-24). Let j(v) = -11*v - 23. Let g be j(-13). Calculate the greatest common factor of a and g.
24
Let t = -10648 - -11042. What is the highest common factor of 1773 and t?
197
Let i be ((-696)/33 - 82/(-902))*(-1 + -2). What is the highest common factor of 972 and i?
9
Let h = 89 + -86. Suppose -4*t - h = -7*t, 3*d = t + 527. What is the highest common factor of 16 and d?
16
Suppose -3*v + 6*v = 0. Suppose v = s + 49 - 51. Suppose 0 = 2*q + 4*o - 24, -11 - 13 = -5*q + s*o. Calculate the greatest common divisor of 9 and q.
3
Suppose -18*j - 6*t - 36408 = -21*j, -3*j = 2*t - 36368. Calculate the highest common factor of j and 129.
129
Let z(f) = f**2 - 12*f + 1. Let u be z(12). Let p be (42/u)/((-2)/(-1)). Let x = -16 + p. What is the greatest common divisor of 45 and x?
5
Let b = -5619 - -6234. Calculate the greatest common factor of b and 1107.
123
Let x(p) = 122*p - 2664. Let o be x(67). What is the highest common factor of o and 2320?
290
Let j(a) = 3*a**3 + 4*a**2 - 4*a + 2. Let z be j(2). Let c = z - 20. Suppose -q - 4 = 3*b, 74*q = 75*q + b. Calculate the greatest common divisor of c and q.
2
Let i be (1/(1/1))/(15/3495). Let l = 299 - i. What is the greatest common factor of l and 22?
22
Let z(t) = -t**3 - 9*t**2 - 9*t + 23. Let i be z(-9). Suppose 14*y - 22 = i. What is the highest common divisor of 7 and y?
1
Suppose 0 = -4*w + 12, -n - 6 = -2*n + 2*w. Suppose 11*i - 4*x + 30 = n*i, -4*x = -5*i + 78. Calculate the greatest common divisor of 63 and i.
9
Let z be 9/(-3)*(-42)/18. Suppose 2*n - z*n + 15 = 0. Suppose -m = -2*y - y + 1, 2 = m. What is the greatest common factor of n and y?
1
Let m = 